 prime factors of 109781318?
2, 54890659
What are the prime factors of 3932257609?
7, 9281, 60527
List the prime factors of 177490691.
7, 3622259
List the prime factors of 74679500.
2, 5, 7, 19, 1123
What are the prime factors of 86802717?
3, 1171, 24709
List the prime factors of 410376855.
3, 5, 7, 17, 229903
List the prime factors of 680653430.
2, 5, 68065343
What are the prime factors of 6227109893?
1439, 4327387
What are the prime factors of 5142887011?
31, 73, 2272597
List the prime factors of 1004876770.
2, 5, 100487677
List the prime factors of 74641643.
74641643
List the prime factors of 244314944.
2, 569, 6709
What are the prime factors of 2340924327?
3, 7, 17, 728579
What are the prime factors of 2480777636?
2, 19, 32641811
List the prime factors of 1192544243.
11, 108413113
List the prime factors of 262797447.
3, 11, 31, 256889
List the prime factors of 29035085.
5, 23, 61, 4139
What are the prime factors of 1741242211?
17327, 100493
What are the prime factors of 2267652919?
7, 151, 43783
What are the prime factors of 902546279?
16729, 53951
What are the prime factors of 12262013?
23, 659, 809
What are the prime factors of 999598319?
317, 503, 6269
What are the prime factors of 189807214?
2, 1123, 84509
List the prime factors of 1684828263.
3, 37, 15178633
List the prime factors of 2697973479.
3, 12923, 23197
What are the prime factors of 309168098?
2, 227, 680987
List the prime factors of 344096022.
2, 3, 2063, 27799
List the prime factors of 172792374.
2, 3, 107, 181, 1487
What are the prime factors of 191222727?
3, 2389, 26681
What are the prime factors of 176270442?
2, 3, 37, 794011
What are the prime factors of 3299866017?
3, 7, 41, 3832597
What are the prime factors of 174397217?
174397217
List the prime factors of 275823472.
2, 17238967
List the prime factors of 2012159922.
2, 3, 23, 14580869
What are the prime factors of 222630112?
2, 647, 10753
What are the prime factors of 120868930?
2, 5, 7, 13, 317, 419
List the prime factors of 13959097.
71, 421, 467
What are the prime factors of 2874746701?
23, 124988987
List the prime factors of 288952082.
2, 23, 6281567
List the prime factors of 1538824705.
5, 11, 193, 144967
What are the prime factors of 2842725735?
3, 5, 63171683
What are the prime factors of 160481507?
89, 1803163
List the prime factors of 21578355.
3, 5, 17, 67, 421
List the prime factors of 32862869.
13, 2527913
List the prime factors of 2686821191.
2686821191
What are the prime factors of 131652880?
2, 5, 1645661
What are the prime factors of 57210528?
2, 3, 595943
What are the prime factors of 782798201?
17, 46046953
List the prime factors of 52465018.
2, 53, 173, 2861
What are the prime factors of 11748995?
5, 2349799
What are the prime factors of 310874930?
2, 5, 31087493
What are the prime factors of 393799365?
3, 5, 8751097
What are the prime factors of 135043786?
2, 67521893
List the prime factors of 24531143.
7, 13, 269573
What are the prime factors of 3967991417?
13, 137, 1361, 1637
List the prime factors of 663479380.
2, 5, 71, 467239
What are the prime factors of 118870985?
5, 353, 67349
What are the prime factors of 312137809?
37, 2551, 3307
List the prime factors of 59190877.
53, 1116809
List the prime factors of 2585111370.
2, 3, 5, 5309, 16231
List the prime factors of 1070381821.
1070381821
List the prime factors of 1015559895.
3, 5, 7, 587, 16477
List the prime factors of 49193832.
2, 3, 509, 4027
What are the prime factors of 815218123?
19, 43, 211, 4729
List the prime factors of 953131804.
2, 10289, 23159
What are the prime factors of 2408889315?
3, 5, 7, 307, 74729
What are the prime factors of 17583284?
2, 19, 231359
What are the prime factors of 57886796?
2, 11, 31, 37
List the prime factors of 251034227.
251034227
List the prime factors of 67607819.
67607819
What are the prime factors of 184797135?
3, 5, 19, 29, 257
List the prime factors of 118806312.
2, 3, 1427, 3469
List the prime factors of 129393003.
3, 1789, 24109
What are the prime factors of 1307236111?
449, 557, 5227
List the prime factors of 1045399931.
19, 53, 73, 14221
What are the prime factors of 5300577312?
2, 3, 29, 439, 4337
What are the prime factors of 725266534?
2, 73, 4967579
What are the prime factors of 82983598?
2, 103, 3911
What are the prime factors of 763491261?
3, 13, 347, 56417
List the prime factors of 651913229.
11, 17, 31, 107, 1051
What are the prime factors of 40259355?
3, 5, 509, 5273
What are the prime factors of 49757469?
3, 677, 24499
What are the prime factors of 137875171?
7, 107, 26297
What are the prime factors of 75898533?
3, 1103, 22937
What are the prime factors of 20245499?
20245499
What are the prime factors of 1383680878?
2, 157, 4406627
List the prime factors of 575990185.
5, 79, 1458203
List the prime factors of 81007957.
3671, 22067
List the prime factors of 460239702.
2, 3, 13, 31, 190339
List the prime factors of 329346393.
3, 199, 337, 1637
What are the prime factors of 47103881?
11, 67, 63913
What are the prime factors of 38057713?
17, 827, 2707
List the prime factors of 48952290.
2, 3, 5, 29, 56267
List the prime factors of 71061362.
2, 31, 433, 2647
What are the prime factors of 28245685?
5, 13, 19, 22871
List the prime factors of 67656210.
2, 3, 5, 233, 9679
What are the prime factors of 8303828?
2, 13, 23, 53, 131
List the prime factors of 3714378473.
13, 285721421
List the prime factors of 110462054.
2, 23, 461, 5209
What are the prime factors of 1211108644?
2, 173, 317, 5521
What are the prime factors of 138505071?
3, 46168357
List the prime factors of 137313147.
3, 43, 191, 5573
List the prime factors of 213481525.
5, 2417, 3533
What are the prime factors of 1540032141?
3, 11287, 45481
List the prime factors of 2891996.
2, 29, 107, 233
What are the prime factors of 317184353?
317184353
What are the prime factors of 289047411?
3, 163, 197033
List the prime factors of 629271883.
31, 97, 209269
What are the prime factors of 5816593399?
37, 347, 449, 1009
List the prime factors of 9396492.
2, 3, 7, 111863
What are the prime factors of 160015812?
2, 3, 11, 1212241
What are the prime factors of 43704158?
2, 21852079
What are the prime factors of 38195922?
2, 3, 6365987
List the prime factors of 1117506353.
1117506353
List the prime factors of 6445442442.
2, 3, 199, 317, 17029
What are the prime factors of 16081238?
2, 47, 171077
What are the prime factors of 100636948?
2, 67, 375511
What are the prime factors of 7766024030?
2, 5, 43, 18060521
What are the prime factors of 46013618?
2, 7, 3286687
List the prime factors of 15953034.
2, 3, 31, 199, 431
What are the prime factors of 35834442?
2, 3, 7, 353, 2417
What are the prime factors of 5759747?
7, 822821
What are the prime factors of 22588462?
2, 13, 868787
List the prime factors of 29482523.
7, 1949, 2161
List the prime factors of 2086478161.
27281, 76481
What are the prime factors of 59472345?
3, 5, 41, 96703
What are the prime factors of 763866153?
3, 2237, 12647
What are the prime factors of 227321927?
7, 73, 103, 617
List the prime factors of 635794617.
3, 211931539
List the prime factors of 878843.
7, 223, 563
List the prime factors of 388069187.
11, 35279017
What are the prime factors of 785728227?
3, 97, 353, 7649
List the prime factors of 529145454.
2, 3, 5807, 15187
What are the prime factors of 118337051?
7, 17, 317, 3137
List the prime factors of 13521640.
2, 5, 11, 79, 389
List the prime factors of 76243924.
2, 617, 30893
List the prime factors of 6451926.
2, 3, 13, 181, 457
What are the prime factors of 62243263?
7691, 8093
What are the prime factors of 37210631?
5021, 7411
What are the prime factors of 275477599?
19, 107, 179, 757
List the prime factors of 49048363.
7, 13, 5923
What are the prime factors of 252431293?
252431293
What are the prime factors of 7175401?
373, 19237
List the prime factors of 78582068.
2, 1307, 15031
What are the prime factors of 353453486?
2, 7759, 22777
List the prime factors of 85926101.
29, 1307, 2267
What are the prime factors of 49193964?
2, 3, 19, 23, 53, 59
List the prime factors of 3104489128.
2, 13, 29850857
What are the prime factors of 62430085?
5, 41, 304537
What are the prime factors of 395217101?
193, 1429, 1433
List the prime factors of 23240672.
2, 7, 13, 23, 347
What ar